t o be 3/9*0 - -3. Let l(g) = g**2 + 10*g. Let a be l(o). Let w(p) = 4*p**2 + 2*p + 1. Let x be w(-2). What is the highest common factor of x and a?
13
Let u be 610/16 + 106/(-848). What is the highest common factor of 133 and u?
19
Suppose 11*l + 655 = 6*l. Let u = -115 - l. Calculate the greatest common factor of u and 88.
8
Let d(o) = -26*o**2 + 2*o + 88. Let m be d(0). Calculate the highest common factor of m and 792.
88
Suppose -5*w - 3*r - 37 + 189 = 0, 4*r + 68 = 3*w. Suppose w*q + 306 = 30*q. What is the greatest common factor of q and 17?
17
Let u be (9/(-6) - -1)/(-5 - 5225/(-1050)). Suppose -3*l = -0*l + 75. Let c = l - -39. What is the greatest common factor of c and u?
7
Let o be ((-6)/(-18))/((-4)/(-552)). What is the highest common factor of 1633 and o?
23
Suppose 0 = -2*w + 10, -3*c + 5*w + 95 - 21 = 0. What is the greatest common factor of 165 and c?
33
Let u(s) = 2*s**2 - 2*s + 3. Let f be u(7). Let y = f + -79. Let a be 10/(-4)*(-8)/10. Calculate the greatest common divisor of a and y.
2
Suppose 0 = 2*h - 1 - 17. Let t = -181 - -325. Calculate the highest common factor of t and h.
9
Let o(a) be the third derivative of a**4/8 - 5*a**3/2 + 9*a**2. Let h be o(6). Suppose 18 + 9 = d. What is the greatest common divisor of h and d?
3
Let w be (-24)/132 + 255/11. Let n = 5 + -3. Suppose b + 4*j = 131, -j + n*j = 4. What is the highest common factor of b and w?
23
Suppose 0 = -5*c + 5*f + 370, 3*f = -0*c - 3*c + 192. Suppose -2*j - 4*q + 53 - 3 = 0, -4*j = q - 93. What is the greatest common divisor of j and c?
23
Suppose -2*c = -5*t - 470, t = 4*c + 4*t - 966. Calculate the highest common divisor of 60 and c.
60
Suppose 0 = 6*p - p + 100. Suppose 0 = -37*g + 42*g + 60. Let n = g - p. Calculate the greatest common divisor of 8 and n.
8
Let v = 396 + -390. Let s be (-1 + -67)/(-1) + -2. What is the highest common divisor of s and v?
6
Let h(t) = -11*t - 132. Let y be h(-25). What is the highest common divisor of y and 22?
11
Suppose -q - 4*k + 18 = 0, 2*k - 33 = -3*q + 1. Let p be (-78)/(-15) - 2/q. Suppose -2*f - 2*f = -180. What is the highest common factor of p and f?
5
Let a = 12 - -36. Calculate the greatest common divisor of 24 and a.
24
Let v(d) = d**2 - 10*d - 2. Let k be v(10). Let h = k + 12. What is the greatest common divisor of 130 and h?
10
Let d be 1179/12 + (-4)/(-32)*-2. What is the greatest common divisor of 42 and d?
14
Let c = -36 + 63. Suppose -2*b = -2*u + 3 - 1, 0 = -2*b - 5*u + 19. Suppose 2*h + 37 = 3*j, 5*h + 7 = -b*j - 0*h. What is the greatest common factor of j and c?
9
Let w(s) = -2*s**3 - 10*s**2 - 10*s - 4. Suppose -11*u - 20 = 46. Let t be w(u). What is the highest common factor of t and 8?
8
Let m(c) = -c**2 - 8*c - 9. Let i be m(-6). Suppose 30 = 3*s + i. What is the greatest common factor of s and 9?
9
Suppose 2*f - 54 + 174 = 0. Let p = f - -102. What is the greatest common divisor of p and 14?
14
Let n(b) = 8*b**2 - 2*b + 6. Let w be n(-3). Calculate the highest common divisor of 18 and w.
6
Let w be (8/(-10))/(3/(-45)) - 0. Suppose s - 5*s - 16 = 0, h + 5*s = 88. What is the highest common divisor of w and h?
12
Let u be 2*4/(-4) - 9. Let c(q) = -q - 8. Let w be c(u). Let a be ((-135)/12)/(w/(-12)). Calculate the greatest common divisor of 18 and a.
9
Let m = -10 + 13. Suppose m*f + 27 = 3*o - 2*f, -27 = -3*o + 4*f. What is the greatest common factor of o and 45?
9
Let o(u) = -u**2 - 8*u - 8. Let p be o(-6). Suppose 0 = -9*t - p + 193. What is the greatest common factor of t and 189?
21
Let a be 2226/112 + 3 + 92/(-32). Calculate the highest common factor of a and 640.
20
Let a be (4/10)/(2/20). Let g be 2 + -3*111/(-9). Let o = g + -29. What is the highest common divisor of o and a?
2
Let d be (58/6 + -1)/(15/810). What is the highest common divisor of d and 39?
39
Suppose -9*j - 2919 = -14385. Calculate the greatest common factor of 98 and j.
98
Suppose 0 = 4*b - 78 - 50. Suppose 0 = 13*z - 17*z + 192. Calculate the greatest common factor of b and z.
16
Let v = 542 - 167. Calculate the greatest common factor of 15 and v.
15
Let f(s) = -15*s**3 - s. Let o be f(-1). Let q be ((-264)/(-60))/(1/200). Suppose 5*l + 0*l = q. Calculate the greatest common divisor of l and o.
16
Let w(d) = -d**2 - 16*d + 1. Let n = 74 - 82. Let l be w(n). What is the greatest common factor of 39 and l?
13
Suppose 5*b + 6 = 36. Suppose b*u - 2*u = 12. Suppose 2*s + 0*s = 4*x + 206, x = u*s - 289. Calculate the highest common divisor of 38 and s.
19
Let y(v) = -10*v**2 - 77*v - 14. Let t be y(-7). Calculate the greatest common divisor of t and 210.
35
Let a(p) = -5*p + 101. Let d be a(15). What is the highest common divisor of d and 39?
13
Let m(f) = f - 2. Let p be m(7). Suppose -8 - 2 = -p*x. Suppose 3*y - 60 = -x*y. What is the greatest common divisor of 4 and y?
4
Let x = 280 - 236. What is the highest common factor of x and 4?
4
Let c be 6/(3 - 0) + -10. Let h = c + 5. Let a be (140/6)/(h/(-9)). Calculate the highest common divisor of a and 10.
10
Suppose -7*o + 23 = -586. What is the highest common divisor of 696 and o?
87
Let a(m) = 17*m**2 - 12*m - 49. Let l be a(-3). Calculate the greatest common divisor of l and 20.
20
Suppose x - 5*x - 1040 = -4*m, -1308 = -5*m + 3*x. Suppose 4*y = -t + 20, -5*t - 3*y = -4*y - 121. What is the greatest common divisor of t and m?
24
Let x(g) = g + 83. Let o be x(13). Calculate the highest common divisor of o and 128.
32
Suppose -24*l + 19*l + 813 = 3*o, 0 = 2*l + 3*o - 318. Calculate the greatest common divisor of l and 60.
15
Let d = 91 - 36. Let r(f) = f**3 - 56*f**2 + 90*f - 1903. Let m be r(55). What is the greatest common factor of m and d?
11
Let a(v) = v**2 - 5*v + 12. Let l be a(8). Suppose 2*n = -n + l. Suppose -b - n = -j, j - 66 = -4*j + 2*b. Calculate the greatest common factor of 126 and j.
14
Suppose 5*n - 376 = 3*o, n - 83 = -o - 11. Calculate the greatest common factor of 1406 and n.
74
Suppose 0 = -17*l + 21*l - 20. Suppose -2*h + 4*n = -14 - 8, -l*n = -4*h + 44. Calculate the greatest common factor of 22 and h.
11
Let r be 5/((-15)/18)*-7. Let a = 198 + r. Suppose 3*x - j = 250 + 110, -2*x = 3*j - a. Calculate the greatest common divisor of 48 and x.
24
Let r(l) = -l**2 - 31*l - 207. Let j be r(-21). Calculate the greatest common factor of 4 and j.
1
Let j = 36 + -31. Let v(o) = 7*o**2 + 4. Let c be v(4). Suppose j*d - 94 - c = 0. What is the highest common factor of 28 and d?
14
Suppose -v = 4*v + 3*c - 2009, -1603 = -4*v - c. What is the highest common factor of v and 80?
80
Suppose -11*o = -215 + 39. Suppose 6*w = 4*w + 4. Calculate the highest common factor of o and w.
2
Let k(s) = 2*s - 2. Let b(n) = -n + 1. Let f(r) = -9*b(r) - 4*k(r). Let o be f(3). Let j be (-6)/(-1)*15/o. Calculate the greatest common factor of j and 15.
15
Suppose 97*d = -2*z + 94*d + 103, 5*z + d = 277. What is the greatest common divisor of z and 8?
8
Suppose -a = 3*a - 20. Suppose -a*i - 30 + 5 = 0, n - 21 = 4*i. Let l = 26 + -18. What is the highest common factor of l and n?
1
Let c(u) = -u**3 + 13. Let x be c(0). Calculate the greatest common divisor of 273 and x.
13
Let q(h) = 284*h**2 + 2*h - 1. Let z be q(1). Suppose -71*o + 74*o = z. What is the greatest common factor of o and 57?
19
Let g(m) = 29 + 0 - 15*m - 14. Let q be g(-6). Suppose 2*o - 84 = -0*o. Calculate the greatest common divisor of o and q.
21
Let t(w) be the third derivative of w**4/24 + 121*w**3/2 - 5*w**2. Let a be t(0). Let p = -24 - -57. Calculate the greatest common factor of p and a.
33
Suppose 3*q - 212 = 124. Suppose -2*h = -6*h + 4. Let p be h*(2 - -1) + 13. What is the greatest common factor of p and q?
16
Let g be -80*((-22)/5 + 80/(-20)). Calculate the greatest common divisor of 14 and g.
14
Suppose -c = -5*n + 173, -23*n + 18*n = c - 177. What is the greatest common factor of 145 and n?
5
Let i = -36 + 40. Let v be 115/13 - i/(-26). What is the highest common divisor of v and 45?
9
Let q = 669 - 639. Suppose 0 = -4*g + p + 80, 5*p - 10 = 5*g - 110. What is the highest common divisor of g and q?
10
Let f = 468 - 418. What is the greatest common factor of f and 75?
25
Suppose r - 10 = -0*r. Suppose 3*d - 54 = 3*g, -3*d + 114 = -g + 66. Calculate the highest common factor of r and d.
5
Suppose 